 74200?
True
Is 17 a factor of 3062?
False
Is 38 a factor of 8018?
True
Is 10947 a multiple of 123?
True
Does 52 divide 76232?
True
Is 10 a factor of 4820?
True
Is 88 a factor of 616?
True
Is 71400 a multiple of 42?
True
Does 9 divide 18907?
False
Does 17 divide 30737?
False
Does 13 divide 6682?
True
Is 263 a multiple of 108?
False
Is 19 a factor of 608?
True
Is 10 a factor of 700?
True
Is 31 a factor of 1860?
True
Is 38 a factor of 1178?
True
Is 11 a factor of 7688?
False
Is 6 a factor of 163?
False
Is 97 a factor of 9796?
False
Is 4 a factor of 26176?
True
Is 16026 a multiple of 41?
False
Is 4681 a multiple of 31?
True
Is 45625 a multiple of 167?
False
Is 29675 a multiple of 25?
True
Is 544 a multiple of 17?
True
Does 24 divide 72?
True
Does 51 divide 12506?
False
Is 26 a factor of 9572?
False
Is 32841 a multiple of 36?
False
Is 12941 even?
False
Does 21 divide 1659?
True
Is 31026 a multiple of 166?
False
Is 15 a factor of 46047?
False
Is 20328 a multiple of 28?
True
Is 1244 a multiple of 2?
True
Is 3 a factor of 264?
True
Does 13 divide 338?
True
Is 500 a multiple of 5?
True
Does 5 divide 690?
True
Is 121 a factor of 3856?
False
Is 50025 a multiple of 52?
False
Is 4 a factor of 3780?
True
Is 1314 a multiple of 9?
True
Does 216 divide 29160?
True
Is 440 a multiple of 20?
True
Is 7371 a multiple of 117?
True
Does 17 divide 2070?
False
Does 53 divide 4153?
False
Does 7 divide 154?
True
Is 17 a factor of 510?
True
Is 23 a factor of 2647?
False
Is 6 a factor of 210?
True
Is 10290 a multiple of 147?
True
Is 6292 a multiple of 3?
False
Is 55 a factor of 2191?
False
Does 8 divide 488?
True
Is 5104 a multiple of 16?
True
Is 3552 a multiple of 13?
False
Is 25 a factor of 700?
True
Is 1263 a multiple of 35?
False
Does 13 divide 12337?
True
Is 92565 a multiple of 85?
True
Is 40 a factor of 196?
False
Is 2970 a multiple of 27?
True
Does 65 divide 117?
False
Is 128 a factor of 9984?
True
Is 65968 a multiple of 62?
True
Is 1980 a multiple of 110?
True
Is 1029 a multiple of 10?
False
Is 7 a factor of 99?
False
Does 35 divide 175?
True
Is 40 a factor of 1280?
True
Is 39 a factor of 930?
False
Is 48 a factor of 1743?
False
Does 14 divide 6173?
False
Is 168 a multiple of 6?
True
Does 38 divide 14222?
False
Does 138 divide 966?
True
Is 1716 a multiple of 26?
True
Is 160 a factor of 57646?
False
Is 61 a factor of 31720?
True
Is 249 a multiple of 30?
False
Is 40 a factor of 1920?
True
Is 6637 a multiple of 182?
False
Is 4134 a multiple of 13?
True
Does 3 divide 380?
False
Is 8448 a multiple of 16?
True
Is 931 a multiple of 63?
False
Does 73 divide 1152?
False
Is 256 a multiple of 16?
True
Does 23 divide 1610?
True
Is 53 a factor of 1095?
False
Is 15 a factor of 10936?
False
Does 18 divide 450?
True
Is 1199 a multiple of 109?
True
Is 115 a factor of 17405?
False
Is 540 a multiple of 60?
True
Is 118 a multiple of 5?
False
Is 77684 a multiple of 28?
False
Is 591 a multiple of 3?
True
Does 27 divide 6462?
False
Is 165 a factor of 35310?
True
Does 136 divide 6120?
True
Is 12 a factor of 216?
True
Does 4 divide 76?
True
Does 46 divide 1166?
False
Does 5 divide 454?
False
Is 7740 a multiple of 12?
True
Is 77 a factor of 202?
False
Is 3989 a multiple of 16?
False
Does 21 divide 21?
True
Is 42 a factor of 4072?
False
Is 5699 a multiple of 15?
False
Is 245 a multiple of 49?
True
Does 34 divide 4114?
True
Does 23 divide 5865?
True
Is 27 a factor of 263?
False
Is 88 a factor of 7023?
False
Is 47706 a multiple of 46?
False
Is 3208 a multiple of 8?
True
Does 15 divide 4170?
True
Does 31 divide 3286?
True
Does 73 divide 976?
False
Does 16 divide 900?
False
Does 46 divide 414?
True
Is 66597 a multiple of 9?
False
Is 122 a multiple of 25?
False
Does 54 divide 1836?
True
Does 77 divide 924?
True
Is 20961 a multiple of 23?
False
Is 654 a multiple of 14?
False
Is 5 a factor of 410?
True
Is 9296 a multiple of 166?
True
Is 357 a multiple of 15?
False
Does 24 divide 264?
True
Does 82 divide 5084?
True
Does 14 divide 24576?
False
Is 8775 a multiple of 9?
True
Does 3 divide 9393?
True
Is 564 a multiple of 13?
False
Does 83 divide 1743?
True
Is 16225 a multiple of 21?
False
Is 63 a multiple of 3?
True
Is 17 a factor of 31450?
True
Is 38 a factor of 29260?
True
Does 22 divide 3520?
True
Is 228 a factor of 16089?
False
Does 82 divide 22632?
True
Is 924 a multiple of 11?
True
Does 31 divide 129766?
True
Is 31263 a multiple of 94?
False
Does 17 divide 476?
True
Is 2996 a multiple of 5?
False
Is 131 a multiple of 5?
False
Is 16 a factor of 985?
False
Is 1359 a multiple of 16?
False
Does 6 divide 5694?
True
Does 11 divide 1540?
True
Is 51 a factor of 5833?
False
Is 4 a factor of 6?
False
Is 32 a factor of 2021?
False
Is 1355 a multiple of 45?
False
Is 4280 a multiple of 59?
False
Is 9 a factor of 11887?
False
Is 9 a factor of 26?
False
Does 5 divide 4090?
True
Does 23 divide 9125?
False
Does 160 divide 35546?
False
Is 4 a factor of 64?
True
Does 13 divide 9671?
False
Is 107 a factor of 1819?
True
Is 35 a factor of 6760?
False
Does 5 divide 31208?
False
Is 32 a factor of 3184?
False
Is 25 a factor of 10552?
False
Does 21 divide 9067?
False
Is 45648 a multiple of 36?
True
Is 24 a factor of 84039?
False
Is 5 a factor of 2485?
True
Is 144730 a multiple of 410?
True
Does 24 divide 12072?
True
Does 53 divide 477?
True
Is 3803 a multiple of 15?
False
Is 25760 a multiple of 184?
True
Is 2746 a multiple of 21?
False
Is 3123 a multiple of 107?
False
Is 12376 a multiple of 14?
True
Does 45 divide 56655?
True
Is 118 a factor of 18762?
True
Is 12 a factor of 4272?
True
Is 23 a factor of 3516?
False
Does 85 divide 16706?
False
Is 237 a multiple of 79?
True
Does 124 divide 6883?
False
Is 25 a factor of 10825?
True
Is 31433 a multiple of 97?
False
Does 2 divide 74?
True
Does 22 divide 37522?
False
Is 2 a factor of 235?
False
Is 16 a factor of 176?
True
Does 15 divide 255?
True
Does 16 divide 320?
True
Is 520 a multiple of 4?
True
Does 39 divide 12143?
False
Does 26 divide 234?
True
Is 206 a factor of 11849?
False
Is 864 a multiple of 3?
True
Does 10 divide 2196?
False
Is 6 a factor of 42616?
False
Does 23 divide 1840?
True
Is 10 a factor of 11640?
True
Is 307 a multiple of 9?
False
Is 9 a factor of 3159?
True
Is 25432 a multiple of 34?
True
Does 7 divide 1831?
False
Is 325 even?
False
Does 53 divide 4346?
True
Is 10 a factor of 12377?
False
Does 12 divide 4440?
True
Is 11980 a multiple of 10?
True
Is 404 a multiple of 3?
False
Is 14 a factor of 4872?
True
Is 8 a factor of 760?
True
Does 3 divide 9305?
False
Is 7 a factor of 20734?
True
Is 263 a multiple of 16?
False
Does 89 divide 2581?
True
Does 123 divide 1632?
False
Is 4986 a multiple of 9?
True
Is 1428 a multiple of 51?
True
Is 11084 a multiple of 6?
False
Does 37 divide 2368?
True
Is 21245 a multiple of 7?
True
Is 21 a factor of 4137?
True
Is 4264 a multiple of 26?
True
Is 69603 a multiple of 37?
False
Is 23 a factor of 4391?
False
Is 46 a factor of 874?
True
Is 37 a factor of 43?
False
Is 425 a multiple of 17?
True
Is 49 a factor of 16308?
False
Does 71 divide 255?
False
Is 921 a multiple of 12?
False
Does 10 divide 12570?
True
Is 14 a factor of 954?
False
Is 370 a multiple of 10?
True
Is 2321 a multiple of 37?
False
Is 16 a factor of 7776?
True
Is 976 a multiple of 8?
True
Is 3152 a multiple of 16?
True
Does 7 divide 267?
False
Does 194 divide 18718?
False
Is 22 a factor of 605?
False
Does 10 divide 689?
False
Does 12 divide 948?
True
Does 6 divide 14898?
True
Is 388 a multiple of 16?
False
Is 58 a factor of 874?
False
Is 25 a factor of 2761?
False
Is 955 a multiple of 46?
False
Is 184 a factor of 25576?
True
Does 29 divide 34083?
False
Is 22 a factor of 12137?
False
Is 8952 a multiple of 12?
True
Is 47 a factor of 1551?
True
Does 32 divide 659?
False
Does 15 divide 1920?
True
Does 6 divide 828?
True
Is 5381 a multiple of 24?
False
Does 11 divide 72771?
False
Is 37991 a multiple of 20?
False
Is 15228 a multiple of 27?
True
Does 16 divide 400?
True
Is 7616 a multiple of 99?
False
Does 29 divide 319?
True
Is 22742 a multiple of 166?
True
Is 18420 a multiple of 4?
True
Is 3 a factor of 454?
False
Does 31 divide 12493?
True
Is 7 even?
False
Is 2232 a multiple of 22?
False
Is 65113 a multiple of 102?
False
Is 960 a multiple of 15?
True
Is 26 a factor o